{"id":728,"date":"2018-11-21T07:00:22","date_gmt":"2018-11-21T06:00:22","guid":{"rendered":"https:\/\/scuolalagorai.it\/?page_id=728"},"modified":"2019-11-23T20:08:00","modified_gmt":"2019-11-23T19:08:00","slug":"sa2-15-corso-di-scialpinismo-sa2-2019","status":"publish","type":"page","link":"https:\/\/scuolalagorai.it\/?page_id=728","title":{"rendered":"SA2 \u2013 15\u00b0 corso di scialpinismo \u2013 2019"},"content":{"rendered":"\n<h2 class=\"wp-block-heading\">15\u00b0 corso di scialpinismo SA2<\/h2>\n\n\n\n<p>Per il 2019 la scuola Lagorai organizza il <strong>15\u00b0 corso di scialpinismo SA2<\/strong>. <\/p>\n\n\n\n<h3 class=\"wp-block-heading\"> <strong>Programma<\/strong><\/h3>\n\n\n\n<p>Apertura ufficiale 15\u00b0 corso SA2: gioved\u00ec 07\/02\/2019 ore 20.00<\/p>\n\n\n\n\n\n\n\n<h3 class=\"wp-block-heading\"><strong>Direzione<\/strong><\/h3>\n\n\n\n<p><strong>Direttore<\/strong>: Bertoldi Stefano (ISA)<br><strong>Vicedirettori<\/strong>: Sartori Andrea (ISA-IA) \u2013 Acler Paola (INSA) <\/p>\n\n\n\n<h3 class=\"wp-block-heading\"><strong>Lezioni teoriche<\/strong><\/h3>\n\n\n\n<p>(ore 20.30 \u2013 <a rel=\"noreferrer noopener\" href=\"https:\/\/scuolalagorai.it\/?page_id=322\" target=\"_blank\">sede SAT Pergine Valsugana<\/a>, via Filzi, 3)<br>Per esigenze organizzative date e luogo di incontro delle lezioni teoriche potranno essere modificate durante il corso.<br>NB: Nella serata di presentazione del corso verranno forniti consigli riguardanti i materiali. Si raccomanda pertanto di attendere prima di procedere ad eventuali acquisti.<\/p>\n\n\n\n<p><strong><span style=\"background-color:rgba(0, 0, 0, 0)\" class=\"has-inline-color has-vivid-red-color\">Le lezioni teoriche sono aperte a tutti i soci CAI\/SAT.<\/span><\/strong><\/p>\n\n\n\n<ul class=\"wp-block-list\"><li>07\/02\/2019 \u2013 ore 20.30 \u2013 Presentazione del corso. Equipaggiamento e materiali<\/li><li> 14\/02\/2019 \u2013 ore 20.30 \u2013 Neve e Valanghe<\/li><li> 19\/02\/2019 \u2013 ore 20.30 \u2013 Approfondimento su neve e valanghe<\/li><li> 07\/03\/2019 \u2013 ore 20.30 \u2013 Autosoccorso in valanga. Ricerca del travolto<\/li><li> 12\/03\/2019 \u2013 ore 20.30 \u2013 Cartografia e orientamento avanzato. Tecniche di bivacco<\/li><li> 14\/03\/2019 \u2013 ore 20.30 \u2013 Tecniche di disseppellimento, chiamata del soccorso organizzato, intervento dell\u2019elisoccorso<\/li><li> 21\/03\/2019 \u2013 ore 20.30 \u2013 Nodi e Catena di assicurazione<\/li><li> 04\/04\/2019 \u2013 ore 20.30 \u2013 Glaciologia. Condotta di una gita<\/li><\/ul>\n\n\n\n<h3 class=\"wp-block-heading\"><strong>Lezioni pratiche<\/strong><\/h3>\n\n\n\n<p>Per esigenze organizzative le uscite pratiche potrebbero variare in funzione delle condizioni meteorologiche e dell\u2019innevamento.<\/p>\n\n\n\n<ul class=\"wp-block-list\"><li>Domenica 10\/02\/2019 \u2013 uscita valutativa in ambiente \u2013 ore 6.30<ul><li> Selezione in ambiente su tecnica di salita e discesa<\/li><li> Verifica materiale individuale<\/li><li> ARTVA e prova pratica<\/li><\/ul><\/li><li> Domenica 24\/02\/2019 \u2013 uscita pluricime in Lagorai \u2013 ore 6.00<ul><li> Uso di ramponi e picozza<\/li><\/ul><\/li><li> Sabato 16 e Domenica 17\/03\/2019 \u2013 Da definire<ul><li> Uscita di due giorni con bivacco<\/li><\/ul><\/li><li> Sabato 23\/03\/2019 \u2013 valle del Sarca \u2013 ore 7.00<ul><li> Elementi di arrampicata in falesia<\/li><\/ul><\/li><li> Domenica 24\/03\/2019 \u2013 da definire \u2013 ore 7.00<ul><li> Tecniche di autosoccorso in ghiacciaio<\/li><\/ul><\/li><li> Sabato 06\/04\/2019 \u2013 Domenica 07\/04\/2019 \u2013 uscita in ghiacciaio \u2013 ore 6.00<ul><li> Uscita in ghiacciaio con pernottamento in rifugio. Legatura in ghiacciaio in salita e in discesa<\/li><\/ul><\/li><li> Sabato 13\/04\/2019 \u2013 Domenica 14\/04\/2019 \u2013 Eventuale recupero giornate<\/li><\/ul>\n\n\n<div data-post-id=\"1002\" class=\"insert-page insert-page-1002 \">\n<h3 class=\"wp-block-heading\"><strong>Regolamento<\/strong><\/h3>\n\n\n\n<ul class=\"wp-block-list\">\n<li>Art. 1 &#8211; La Scuola Intersezionale Lagorai indice e organizza il corso di Sci Alpinismo avanzato SA2.<\/li>\n\n\n\n<li>Art. 2 &#8211; Il Corso ha lo scopo di introdurre a questa attivit\u00e0 le persone in possesso di buone capacit\u00e0 sciistiche ed alpinistiche; prevede l&#8217;insegnamento delle nozioni fondamentali per poter svolgere con ragionevole sicurezza l&#8217;attivit\u00e0 di scialpinismo in ambiente di alta montagna e su ghiacciaio.<\/li>\n\n\n\n<li>Art. 3 &#8211; L&#8217;iscrizione \u00e8 aperta a tutti coloro che abbiano compiuto il 18\u00b0 anno di et\u00e0, previa compilazione e sottoscrizione della domanda \u2013 dichiarazione. La Direzione si riserva di accettare le iscrizioni e di escludere in ogni momento gli elementi che ritenesse non idonei.<\/li>\n\n\n\n<li>Art. 4 &#8211; Potranno partecipare al Corso soltanto coloro che presenteranno, prima dell&#8217;inizio dello stesso, certificato medico attestante l&#8217;idoneit\u00e0 ad attivit\u00e0 sportive non agonistiche (va bene anche l\u2019agonistico per chi lo ha, deve coprire l\u2019intero corso o al momento della scadenza va rinnovato).<\/li>\n\n\n\n<li>Art. 5 &#8211; Il Direttore del Corso, a suo insindacabile giudizio, potr\u00e0 escludere dalle lezioni, in qualsiasi momento, gli allievi che ritenesse non completamente capaci o insufficientemente disciplinati. Si fa presente che nella prima lezione pratica verranno verificate le capacit\u00e0 di tipo sciistico ed alpinistico degli allievi; qualora queste venissero ritenute non sufficienti l&#8217;allievo verrebbe escluso dal corso, con rimborso parziale della quota di iscrizione.<\/li>\n\n\n\n<li>Art. 6 &#8211; In qualsiasi circostanza gli allievi sono tenuti ad osservare nei confronti del Direttore e degli Istruttori contegno di stretta dipendenza disciplinare, attenendosi scrupolosamente alle disposizioni loro impartite.<\/li>\n\n\n\n<li>Art. 7 &#8211; La Direzione adotta ogni precauzione dettata dall&#8217;esperienza onde tutelare l&#8217;incolumit\u00e0 degli allievi: altres\u00ec declina ogni responsabilit\u00e0 di qualsiasi genere per eventuali incidenti che potessero accadere sia durante lo svolgimento dell&#8217;attivit\u00e0, che nei trasferimenti con automezzi; con la loro adesione gli allievi assumono per se stessi tutte le conseguenze che potrebbero derivarne. La frequentazione della montagna presenta dei rischi e chi la pratica se ne assume la piena responsabilit\u00e0. Le scuole del CAI adottano tutte le misure precauzionali affinch\u00e9 nei vari ambienti si operi con il maggior grado di sicurezza possibile. Con la loro adesione Istruttori ed Allievi sono consapevoli che nello svolgimento dell&#8217;attivit\u00e0 alpinistica un rischio residuo \u00e8 sempre presente e non \u00e8 mai azzerabile.<\/li>\n\n\n\n<li>Art. 8 &#8211; L&#8217;iscrizione al CAI garantisce l&#8217;assicurazione contro infortuni degli Istruttori, Aspiranti-Istruttori ed Allievi, nonch\u00e9 contro i danni cagionati per Responsabilit\u00e0 Civile.<\/li>\n\n\n\n<li>Art. 9 &#8211; I programmi, che potranno prevedere il raggiungimento di qualche cima, non sono per\u00f2 vincolanti e possono essere modificati per motivi di sicurezza anche nel corso della giornata stessa. Per questioni organizzative le date fissate non possono essere variate, pertanto il ritrovo alla partenza avviene con qualsiasi condizione di tempo (salvo situazioni evidenti e che comprometterebbero la sicurezza, valutabili nei giorni precedenti).<\/li>\n\n\n\n<li>Art. 10 &#8211; Ad ogni allievo che avr\u00e0 partecipato a tutte le lezioni, sar\u00e0 consegnato un Attestato di frequenza ed una lettera di valutazione.<\/li>\n<\/ul>\n<\/div>\n\n\n<h3 class=\"wp-block-heading\"><strong>Iscrizioni<\/strong><\/h3>\n\n\n\n<p>Sono ammessi al corso SA2 gli allievi che hanno frequentato con profitto il corso SA1.<br>La prima uscita pratica del corso SA2 prevede una prova selettiva sulla tecnica di discesa e sulla ricerca del travolto.<br><strong>Al corso sono ammessi un massimo di 8 allievi.<\/strong><br>L\u2019iscrizione d\u00e0 diritto alle lezioni teoriche e pratiche, all\u2019assicurazione infortuni, all\u2019uso del materiale di gruppo.<\/p>\n\n\n\n<p class=\"has-text-color has-vivid-red-color\"><strong>Le iscrizioni si chiuderanno improrogabilmente entro il 07\/02\/2019. <\/strong><\/p>\n\n\n\n\n","protected":false},"excerpt":{"rendered":"<p>15\u00b0 corso di scialpinismo SA2 Per il 2019 la scuola Lagorai organizza il 15\u00b0 corso di scialpinismo SA2. Apertura ufficiale 15\u00b0 corso SA2: gioved\u00ec 07\/02\/2019 ore 20.00 Direttore: Bertoldi Stefano (ISA)Vicedirettori: Sartori Andrea (ISA-IA) \u2013 Acler Paola (INSA) (ore 20.30 \u2013 sede SAT Pergine Valsugana, via Filzi, 3)Per esigenze organizzative date e luogo di incontro &hellip; <\/p>\n<p class=\"link-more\"><a href=\"https:\/\/scuolalagorai.it\/?page_id=728\" class=\"more-link\">Leggi tutto<span class=\"screen-reader-text\"> &#8220;SA2 \u2013 15\u00b0 corso di scialpinismo \u2013 2019&#8221;<\/span><\/a><\/p>\n","protected":false},"author":1,"featured_media":314,"parent":50,"menu_order":2019,"comment_status":"closed","ping_status":"closed","template":"","meta":{"_exactmetrics_skip_tracking":false,"_exactmetrics_sitenote_active":false,"_exactmetrics_sitenote_note":"","_exactmetrics_sitenote_category":0,"footnotes":""},"class_list":["post-728","page","type-page","status-publish","has-post-thumbnail","hentry"],"_links":{"self":[{"href":"https:\/\/scuolalagorai.it\/index.php?rest_route=\/wp\/v2\/pages\/728","targetHints":{"allow":["GET"]}}],"collection":[{"href":"https:\/\/scuolalagorai.it\/index.php?rest_route=\/wp\/v2\/pages"}],"about":[{"href":"https:\/\/scuolalagorai.it\/index.php?rest_route=\/wp\/v2\/types\/page"}],"author":[{"embeddable":true,"href":"https:\/\/scuolalagorai.it\/index.php?rest_route=\/wp\/v2\/users\/1"}],"replies":[{"embeddable":true,"href":"https:\/\/scuolalagorai.it\/index.php?rest_route=%2Fwp%2Fv2%2Fcomments&post=728"}],"version-history":[{"count":36,"href":"https:\/\/scuolalagorai.it\/index.php?rest_route=\/wp\/v2\/pages\/728\/revisions"}],"predecessor-version":[{"id":1041,"href":"https:\/\/scuolalagorai.it\/index.php?rest_route=\/wp\/v2\/pages\/728\/revisions\/1041"}],"up":[{"embeddable":true,"href":"https:\/\/scuolalagorai.it\/index.php?rest_route=\/wp\/v2\/pages\/50"}],"wp:featuredmedia":[{"embeddable":true,"href":"https:\/\/scuolalagorai.it\/index.php?rest_route=\/wp\/v2\/media\/314"}],"wp:attachment":[{"href":"https:\/\/scuolalagorai.it\/index.php?rest_route=%2Fwp%2Fv2%2Fmedia&parent=728"}],"curies":[{"name":"wp","href":"https:\/\/api.w.org\/{rel}","templated":true}]}}