{"id":71,"date":"2018-10-15T15:45:52","date_gmt":"2018-10-15T14:45:52","guid":{"rendered":"https:\/\/scuolalagorai.it\/?page_id=71"},"modified":"2025-11-30T23:35:31","modified_gmt":"2025-11-30T22:35:31","slug":"storia","status":"publish","type":"page","link":"https:\/\/scuolalagorai.it\/?page_id=71","title":{"rendered":"storia"},"content":{"rendered":"\n<p>La <em><strong>Scuola Insersezionale di Alpinismo e Scialpinismo &#8220;Lagorai&#8221;<\/strong><\/em> \u00e8 nata nel 1994 a Pergine Valsugana, per volont\u00e0 di alcuni istruttori che avevano maturato esperienze precedenti in attivit\u00e0 sezionali e con altre Scuole, soprattutto nel vicino Veneto.<\/p>\n\n\n\n<p>Parteciparono e collaborarono inizialmente anche alcuni componenti del  corpo Nazionale Soccorso Alpino e Speleologico e soci Cai-Sat. Fondatori della Scuola furono Ferrari Silvano, Fratton Ruggero,  Fontanari Elvio, Toldo Flavio, Toldo Claudio, Melchiori Franco, Acler  Paola, Marconi Paolo, Sartori Andrea, Magnago Mario, Rossi Giorgio,  Fedrizzi Bruno, Fruet Carlo.<\/p>\n\n\n\n<p>Alla direzione della Scuola si sono succeduti negli anni passati Ferrari Silvano, Acler Paola, Marconi Paolo, Paoli Giuliano e Bertoldi Stefano.<\/p>\n\n\n\n<p>Nella zona non esistevano iniziative simili, l&#8217;obiettivo fu quello di realizzare una <em>&#8220;Scuola di Montagna&#8221;<\/em> a carattere permanente, con attivit\u00e0 in tutti i settori , aperta a tutti gli appassionati ed in grado di contribuire tecnicamente e culturalmente all&#8217;attivit\u00e0 dalle varie sezioni SAT della zona , partendo dal Pinetano per arrivare fino al Tesino.<\/p>\n\n\n\n<p>La Scuola ha la propria sede a <a href=\"https:\/\/scuolalagorai.it\/?page_id=322\">Pergine Valsugana (TN), in Via Filzi, 3 a Palazzo Montel presso la locale Sezione CAI-SAT<\/a>.<\/p>\n\n\n\n<p>L&#8217;attuale piano didattico si sviluppa attraverso corsi previsti dalla Commissione Nazionale Scuole del CAI: per quanto riguarda lo scialpinismo si organizzano il <a href=\"https:\/\/scuolalagorai.it\/?page_id=2\">corso SA1 (base)<\/a> e <a href=\"https:\/\/scuolalagorai.it\/?page_id=50\">corso SA2 (avanzato)<\/a>, per la roccia il <a href=\"https:\/\/scuolalagorai.it\/?page_id=100\">corso AR1 (avanzato)<\/a>, per il free climbing il <a href=\"https:\/\/scuolalagorai.it\/?page_id=920\">corso AL1 (arrampicata libera)<\/a> e per ragazzi dagli 8 anni in su corsi AEE (arrampicata in et\u00e0 evolutiva) e per l&#8217;alpinismo il <a href=\"https:\/\/scuolalagorai.it\/?page_id=79\">corso A1 (base)<\/a>.<\/p>\n\n\n<div data-post-id=\"33\" class=\"insert-page insert-page-33 \">\n<p>Fino al 2025 la Scuola \u201cLagorai\u201d ha effettuato:<\/p>\n\n\n\n<ul class=\"wp-block-list\">\n<li>31 corsi <a href=\"https:\/\/scuolalagorai.it\/?page_id=2\">SA1<\/a><\/li>\n\n\n\n<li>17 corsi <a href=\"https:\/\/scuolalagorai.it\/?page_id=50\">SA2<\/a><\/li>\n\n\n\n<li>3 corsi SA3<\/li>\n\n\n\n<li>5 corsi <a href=\"https:\/\/scuolalagorai.it\/?page_id=79\">A1<\/a><\/li>\n\n\n\n<li>14 corsi <a href=\"https:\/\/scuolalagorai.it\/?page_id=100\">AR1<\/a><\/li>\n\n\n\n<li>2 <a href=\"https:\/\/scuolalagorai.it\/?page_id=920\">AL1<\/a><\/li>\n\n\n\n<li>6 AEE.<\/li>\n<\/ul>\n<\/div>\n\n\n<p>La Scuola collabora con la sezione SAT di Pergine per la formazione e l&#8217;accompagnamento dei soci, per l&#8217;alpinismo giovanile e con alcune Scuole primarie e secondarie di 1\u00b0 grado per la formazione dei ragazzi in ambiente di montagna.<\/p>\n\n\n\n<p>L&#8217;<a href=\"https:\/\/scuolalagorai.it\/?page_id=74\">organico <\/a>attuale \u00e8 composto da 23 istruttori:<\/p>\n\n\n\n<ul class=\"wp-block-list\">\n<li>4 istruttori nazionali<\/li>\n\n\n\n<li>16 istruttori regionali<\/li>\n\n\n\n<li>2 guide alpine<\/li>\n\n\n\n<li>2 istruttori sezionali.<\/li>\n<\/ul>\n\n\n\n<p><a href=\"https:\/\/scuolalagorai.it\/?page_id=1139\">Continua a leggere<\/a>.<\/p>\n","protected":false},"excerpt":{"rendered":"<p>La Scuola Insersezionale di Alpinismo e Scialpinismo &#8220;Lagorai&#8221; \u00e8 nata nel 1994 a Pergine Valsugana, per volont\u00e0 di alcuni istruttori che avevano maturato esperienze precedenti in attivit\u00e0 sezionali e con altre Scuole, soprattutto nel vicino Veneto. Parteciparono e collaborarono inizialmente anche alcuni componenti del corpo Nazionale Soccorso Alpino e Speleologico e soci Cai-Sat. Fondatori della &hellip; <\/p>\n<p class=\"link-more\"><a href=\"https:\/\/scuolalagorai.it\/?page_id=71\" class=\"more-link\">Leggi tutto<span class=\"screen-reader-text\"> &#8220;storia&#8221;<\/span><\/a><\/p>\n","protected":false},"author":1,"featured_media":0,"parent":9,"menu_order":10,"comment_status":"closed","ping_status":"closed","template":"","meta":{"_exactmetrics_skip_tracking":false,"_exactmetrics_sitenote_active":false,"_exactmetrics_sitenote_note":"","_exactmetrics_sitenote_category":0,"footnotes":""},"class_list":["post-71","page","type-page","status-publish","hentry"],"_links":{"self":[{"href":"https:\/\/scuolalagorai.it\/index.php?rest_route=\/wp\/v2\/pages\/71","targetHints":{"allow":["GET"]}}],"collection":[{"href":"https:\/\/scuolalagorai.it\/index.php?rest_route=\/wp\/v2\/pages"}],"about":[{"href":"https:\/\/scuolalagorai.it\/index.php?rest_route=\/wp\/v2\/types\/page"}],"author":[{"embeddable":true,"href":"https:\/\/scuolalagorai.it\/index.php?rest_route=\/wp\/v2\/users\/1"}],"replies":[{"embeddable":true,"href":"https:\/\/scuolalagorai.it\/index.php?rest_route=%2Fwp%2Fv2%2Fcomments&post=71"}],"version-history":[{"count":17,"href":"https:\/\/scuolalagorai.it\/index.php?rest_route=\/wp\/v2\/pages\/71\/revisions"}],"predecessor-version":[{"id":1700,"href":"https:\/\/scuolalagorai.it\/index.php?rest_route=\/wp\/v2\/pages\/71\/revisions\/1700"}],"up":[{"embeddable":true,"href":"https:\/\/scuolalagorai.it\/index.php?rest_route=\/wp\/v2\/pages\/9"}],"wp:attachment":[{"href":"https:\/\/scuolalagorai.it\/index.php?rest_route=%2Fwp%2Fv2%2Fmedia&parent=71"}],"curies":[{"name":"wp","href":"https:\/\/api.w.org\/{rel}","templated":true}]}}