{"id":1618,"date":"2025-01-05T08:00:00","date_gmt":"2025-01-05T07:00:00","guid":{"rendered":"https:\/\/scuolalagorai.it\/?page_id=1618"},"modified":"2025-01-04T23:40:01","modified_gmt":"2025-01-04T22:40:01","slug":"sa2-17-corso-di-scialpinismo-2025","status":"publish","type":"page","link":"https:\/\/scuolalagorai.it\/?page_id=1618","title":{"rendered":"SA2 \u2013 17\u00b0 corso di scialpinismo \u2013 2025"},"content":{"rendered":"\n<h2 class=\"wp-block-heading\">17\u00b0 corso di scialpinismo SA2<\/h2>\n\n\n\n<p>Per il 2025 la scuola Lagorai organizza il <strong>17\u00b0 corso di scialpinismo SA2<\/strong>.<\/p>\n\n\n\n<h3 class=\"wp-block-heading\"> <strong>Programma<\/strong><\/h3>\n\n\n\n<p>Apertura ufficiale 17\u00b0 corso SA2: mercoled\u00ec 05\/02\/2025 ore 20.30<\/p>\n\n\n\n<p>Scarica il <a href=\"https:\/\/scuolalagorai.it\/wp-content\/uploads\/volantino-SA2-2025-17%C2%B0corso.pdf\" target=\"_blank\" rel=\"noreferrer noopener\">volantino SA2 2025<\/a>.<\/p>\n\n\n\n<h3 class=\"wp-block-heading\"><strong>Direzione<\/strong><\/h3>\n\n\n\n<p><strong>Direttore<\/strong>: Paoli Giuliano (INSA-IAEE)<br><strong>Collaboratori<\/strong>: Pintarelli Christian (ASP), Trenti Fabrizio (ASP)<\/p>\n\n\n\n<h3 class=\"wp-block-heading\"><strong>Lezioni teoriche<\/strong><\/h3>\n\n\n\n<p>(ore 20.30 \u2013 <a rel=\"noreferrer noopener\" href=\"https:\/\/scuolalagorai.it\/?page_id=322\" target=\"_blank\">sede SAT Pergine Valsugana<\/a>, via Filzi, 3)<br><\/p>\n\n\n\n<p>Le lezioni teoriche si terranno presso la sede della SAT e della scuola Lagorai di Pergine; per esigenze organizzative date e luogo di incontro delle lezioni teoriche potranno essere<br>modificate durante il corso.<\/p>\n\n\n\n<p><strong>NB<\/strong>: durante la lezione inaugurale verranno forniti i consigli per l\u2019eventuale acquisto di equipaggiamento; \u00e8 anche previsto che gli allievi possano portare con s\u00e9 l\u2019equipaggiamento personale eventualmente gi\u00e0 in possesso, in modo da poterne valutarne l\u2019idoneit\u00e0.<\/p>\n\n\n\n<p><strong><span style=\"background-color:rgba(0, 0, 0, 0)\" class=\"has-inline-color has-vivid-red-color\">Le lezioni teoriche sono aperte a tutti i soci CAI\/SAT.<\/span><\/strong><\/p>\n\n\n\n<ul class=\"wp-block-list\">\n<li>Mercoled\u00ec 05\/02\/2025 \u2013 Presentazione del corso. Equipaggiamento, materiali e verifica delle dotazioni. Vestizione degli sci sullo zaino<\/li>\n\n\n\n<li>Gioved\u00ec 13\/02\/2025 \u2013 Meteorologia e bollettino nivo-meteo (in abbinamento con SA1)<\/li>\n\n\n\n<li>Gioved\u00ec 20\/02\/2025 \u2013 Autosoccorso in valanga. Ricerca del travolto\/i (in abbinamento con SA1)<\/li>\n\n\n\n<li>Gioved\u00ec 27\/02\/2025 \u2013 Tecniche di disseppellimento, chiamata del soccorso organizzato, gestione di un autosoccorso di gruppo (in abbinamento con SA1 prima parte)<\/li>\n\n\n\n<li>Gioved\u00ec 13\/03\/2025 \u2013 Organizzazione dell\u2019attivit\u00e0 e realizzazione di un bivacco di emergenza<\/li>\n\n\n\n<li>Gioved\u00ec 27\/03\/2025 \u2013 Tecnica di movimentazione in ghiacciaio ed eventuali manovre di soccorso<\/li>\n\n\n\n<li>Gioved\u00ec 03\/04\/2025 \u2013 Topografia: uso delle APP e del GPS. I Ghiacciai<\/li>\n\n\n\n<li>Gioved\u00ec 10\/04\/2025 &#8211; Eventuali recuperi. Storia dello scialpinismo<\/li>\n<\/ul>\n\n\n\n<h3 class=\"wp-block-heading\"><strong>Lezioni pratiche<\/strong><\/h3>\n\n\n\n<p>Per esigenze organizzative le uscite pratiche potrebbero variare sia nella data (difficile) che nella destinazione in funzione delle condizioni meteorologiche, dell\u2019innevamento. Gli itinerari potranno essere svolti anche in zone non coperte da segnale telefonico.<\/p>\n\n\n\n<ul class=\"wp-block-list\">\n<li>Sabato 08\/02\/2025 \u2013 Uscita in ambiente: Valutazione livello partecipanti su argomenti tecnici Artva e movimentazione. Approfondimento di alcuni materiali e loro uso<\/li>\n\n\n\n<li>Domenica  23\/02\/2025 \u2013 Lagorai\/Cima D\u2019Asta: valutazione dell\u2019itinerario e microtraccia da primi. Ricerca di pi\u00f9 Artva e sondaggi slalom (polso a polso)<\/li>\n\n\n\n<li>Sabato &#8211; Domenica  22-23\/03\/2025 \u2013 Falesia e Brenta: progressione su creste con e senza ramponi, doppia, vanzo, applicazione delle manovre di corda e progressione in cordata con gli sci in salita, soste su neve e autoarresto<\/li>\n\n\n\n<li>Sabato &#8211; Domenica  12-13\/04\/2025 \u2013 Valle Aurina: realizzazione bivacco di emergenza. Navigazione con app e valutazione del percorso<\/li>\n\n\n\n<li>Venerd\u00ec &#8211; Sabato &#8211; Domenica  25-26-27\/04\/2025 \u2013 Adamello: tour e approfondimenti, caduta con gli sci, cordata in discesa con gli sci<\/li>\n\n\n\n<li>Sabato &#8211; Domenica  10-11\/05\/2025 \u2013 Eventuale recupero giornate<\/li>\n<\/ul>\n\n\n<div data-post-id=\"1002\" class=\"insert-page insert-page-1002 \">\n<h3 class=\"wp-block-heading\"><strong>Regolamento<\/strong><\/h3>\n\n\n\n<ul class=\"wp-block-list\">\n<li>Art. 1 &#8211; La Scuola Intersezionale Lagorai indice e organizza il corso di Sci Alpinismo avanzato SA2.<\/li>\n\n\n\n<li>Art. 2 &#8211; Il Corso ha lo scopo di introdurre a questa attivit\u00e0 le persone in possesso di buone capacit\u00e0 sciistiche ed alpinistiche; prevede l&#8217;insegnamento delle nozioni fondamentali per poter svolgere con ragionevole sicurezza l&#8217;attivit\u00e0 di scialpinismo in ambiente di alta montagna e su ghiacciaio.<\/li>\n\n\n\n<li>Art. 3 &#8211; L&#8217;iscrizione \u00e8 aperta a tutti coloro che abbiano compiuto il 18\u00b0 anno di et\u00e0, previa compilazione e sottoscrizione della domanda \u2013 dichiarazione. La Direzione si riserva di accettare le iscrizioni e di escludere in ogni momento gli elementi che ritenesse non idonei.<\/li>\n\n\n\n<li>Art. 4 &#8211; Potranno partecipare al Corso soltanto coloro che presenteranno, prima dell&#8217;inizio dello stesso, certificato medico attestante l&#8217;idoneit\u00e0 ad attivit\u00e0 sportive non agonistiche (va bene anche l\u2019agonistico per chi lo ha, deve coprire l\u2019intero corso o al momento della scadenza va rinnovato).<\/li>\n\n\n\n<li>Art. 5 &#8211; Il Direttore del Corso, a suo insindacabile giudizio, potr\u00e0 escludere dalle lezioni, in qualsiasi momento, gli allievi che ritenesse non completamente capaci o insufficientemente disciplinati. Si fa presente che nella prima lezione pratica verranno verificate le capacit\u00e0 di tipo sciistico ed alpinistico degli allievi; qualora queste venissero ritenute non sufficienti l&#8217;allievo verrebbe escluso dal corso, con rimborso parziale della quota di iscrizione.<\/li>\n\n\n\n<li>Art. 6 &#8211; In qualsiasi circostanza gli allievi sono tenuti ad osservare nei confronti del Direttore e degli Istruttori contegno di stretta dipendenza disciplinare, attenendosi scrupolosamente alle disposizioni loro impartite.<\/li>\n\n\n\n<li>Art. 7 &#8211; La Direzione adotta ogni precauzione dettata dall&#8217;esperienza onde tutelare l&#8217;incolumit\u00e0 degli allievi: altres\u00ec declina ogni responsabilit\u00e0 di qualsiasi genere per eventuali incidenti che potessero accadere sia durante lo svolgimento dell&#8217;attivit\u00e0, che nei trasferimenti con automezzi; con la loro adesione gli allievi assumono per se stessi tutte le conseguenze che potrebbero derivarne. La frequentazione della montagna presenta dei rischi e chi la pratica se ne assume la piena responsabilit\u00e0. Le scuole del CAI adottano tutte le misure precauzionali affinch\u00e9 nei vari ambienti si operi con il maggior grado di sicurezza possibile. Con la loro adesione Istruttori ed Allievi sono consapevoli che nello svolgimento dell&#8217;attivit\u00e0 alpinistica un rischio residuo \u00e8 sempre presente e non \u00e8 mai azzerabile.<\/li>\n\n\n\n<li>Art. 8 &#8211; L&#8217;iscrizione al CAI garantisce l&#8217;assicurazione contro infortuni degli Istruttori, Aspiranti-Istruttori ed Allievi, nonch\u00e9 contro i danni cagionati per Responsabilit\u00e0 Civile.<\/li>\n\n\n\n<li>Art. 9 &#8211; I programmi, che potranno prevedere il raggiungimento di qualche cima, non sono per\u00f2 vincolanti e possono essere modificati per motivi di sicurezza anche nel corso della giornata stessa. Per questioni organizzative le date fissate non possono essere variate, pertanto il ritrovo alla partenza avviene con qualsiasi condizione di tempo (salvo situazioni evidenti e che comprometterebbero la sicurezza, valutabili nei giorni precedenti).<\/li>\n\n\n\n<li>Art. 10 &#8211; Ad ogni allievo che avr\u00e0 partecipato a tutte le lezioni, sar\u00e0 consegnato un Attestato di frequenza ed una lettera di valutazione.<\/li>\n<\/ul>\n<\/div>\n\n\n<h3 class=\"wp-block-heading\"><strong>Iscrizioni<\/strong><\/h3>\n\n\n\n<p>Sono aperte a tutti i soci del CAI in possesso di una adeguata preparazione fisica e di una minima predisposizione all\u2019attivit\u00e0 in ambiente di montagna. \u00c8 necessaria una discreta tecnica di discesa con gli sci.<\/p>\n\n\n\n<p><strong>\u00c8 obbligatoria l\u2019iscrizione al CAI con rinnovo pagato per il 2025.<\/strong><\/p>\n\n\n\n<p>Potranno partecipare al corso soltanto coloro che presenteranno certificato medico sportivo attestante l\u2019idoneit\u00e0 ad attivit\u00e0 sportive non agonistiche (valido anche quello agonistico) con specificata la data dell\u2019ultimo ECG eseguito.<\/p>\n\n\n\n<p><strong>La prima uscita pratica del corso SA2 prevede una prova valutativa sull\u2019idoneit\u00e0 a proseguire il corso che riguarder\u00e0 ricerca Artva e tecnica di salita e discesa in ambiente fuoripista (in caso di inidoneit\u00e0 verr\u00e0 restituita la quota di iscrizione al corso decurtata di 50\u20ac).<\/strong><\/p>\n\n\n\n<p><strong>Al corso sono ammessi un massimo di 10 allievi.<\/strong><\/p>\n\n\n\n<p>L\u2019iscrizione d\u00e0 diritto alle lezioni teoriche e pratiche, all\u2019assicurazione infortuni, all\u2019uso del materiale di gruppo.<\/p>\n\n\n\n<p>La quota di partecipazione al corso SA2 2025 \u00e8 fissata in 350 \u20ac, che deve esser versata entro il 31\/01\/2025.<br>L\u2019iscrizione sar\u00e0 ritenuta valida solamente dopo il versamento della quota intera tramite bonifico bancario.<br>Le spese di trasferimento, vitto ed alloggio in eventuali rifugi\/alberghi sono a carico degli allievi.<\/p>\n\n\n\n<p>IBAN scuola Lagorai<br>IT03F0817835224000001155086<\/p>\n\n\n\n<p class=\"has-vivid-red-color has-text-color\"><strong>Le iscrizioni si chiuderanno improrogabilmente entro il 31\/01\/2025.<\/strong><\/p>\n\n\n\n<p><strong><em>Per <mark style=\"background-color:#fcb900\" class=\"has-inline-color has-vivid-red-color\">preiscriverti <\/mark>al corso di Scialpinismo avanzato SA2 2025 <a href=\"https:\/\/forms.gle\/STwTc9HYt85gfrRk9\" target=\"_blank\" rel=\"noreferrer noopener\">compila il modulo<\/a>.<\/em><\/strong> Seguir\u00e0 l\u2019invio alla vostra mail del modulo di iscrizione che va restituito insieme alla copia del bonifico.<\/p>\n\n\n\n<p>Per informazioni ed iscrizioni, rivolgersi ore pasti a:<\/p>\n\n\n\n<ul class=\"wp-block-list\">\n<li>direttore: Paoli Giuliano (tel: <a href=\"tel: 340 8089791\">340 8089791<\/a>)<\/li>\n\n\n\n<li>collaboratori: Pintarelli Christian (tel: <a href=\"tel: 331 9117525\">331 9117525<\/a>), Trenti Fabrizio (tel: <a href=\"tel: 340 8927849\">340 8927849<\/a>)<\/li>\n\n\n\n<li><a href=\"mailto: lagorai@cnsasa.it\">mail<\/a><\/li>\n<\/ul>\n\n\n\n<p><\/p>\n","protected":false},"excerpt":{"rendered":"<p>17\u00b0 corso di scialpinismo SA2 Per il 2025 la scuola Lagorai organizza il 17\u00b0 corso di scialpinismo SA2. Apertura ufficiale 17\u00b0 corso SA2: mercoled\u00ec 05\/02\/2025 ore 20.30 Scarica il volantino SA2 2025. Direttore: Paoli Giuliano (INSA-IAEE)Collaboratori: Pintarelli Christian (ASP), Trenti Fabrizio (ASP) (ore 20.30 \u2013 sede SAT Pergine Valsugana, via Filzi, 3) Le lezioni teoriche &hellip; <\/p>\n<p class=\"link-more\"><a href=\"https:\/\/scuolalagorai.it\/?page_id=1618\" class=\"more-link\">Leggi tutto<span class=\"screen-reader-text\"> &#8220;SA2 \u2013 17\u00b0 corso di scialpinismo \u2013 2025&#8221;<\/span><\/a><\/p>\n","protected":false},"author":1,"featured_media":1621,"parent":50,"menu_order":2025,"comment_status":"closed","ping_status":"closed","template":"","meta":{"_exactmetrics_skip_tracking":false,"_exactmetrics_sitenote_active":false,"_exactmetrics_sitenote_note":"","_exactmetrics_sitenote_category":0,"footnotes":""},"class_list":["post-1618","page","type-page","status-publish","has-post-thumbnail","hentry"],"_links":{"self":[{"href":"https:\/\/scuolalagorai.it\/index.php?rest_route=\/wp\/v2\/pages\/1618","targetHints":{"allow":["GET"]}}],"collection":[{"href":"https:\/\/scuolalagorai.it\/index.php?rest_route=\/wp\/v2\/pages"}],"about":[{"href":"https:\/\/scuolalagorai.it\/index.php?rest_route=\/wp\/v2\/types\/page"}],"author":[{"embeddable":true,"href":"https:\/\/scuolalagorai.it\/index.php?rest_route=\/wp\/v2\/users\/1"}],"replies":[{"embeddable":true,"href":"https:\/\/scuolalagorai.it\/index.php?rest_route=%2Fwp%2Fv2%2Fcomments&post=1618"}],"version-history":[{"count":7,"href":"https:\/\/scuolalagorai.it\/index.php?rest_route=\/wp\/v2\/pages\/1618\/revisions"}],"predecessor-version":[{"id":1645,"href":"https:\/\/scuolalagorai.it\/index.php?rest_route=\/wp\/v2\/pages\/1618\/revisions\/1645"}],"up":[{"embeddable":true,"href":"https:\/\/scuolalagorai.it\/index.php?rest_route=\/wp\/v2\/pages\/50"}],"wp:featuredmedia":[{"embeddable":true,"href":"https:\/\/scuolalagorai.it\/index.php?rest_route=\/wp\/v2\/media\/1621"}],"wp:attachment":[{"href":"https:\/\/scuolalagorai.it\/index.php?rest_route=%2Fwp%2Fv2%2Fmedia&parent=1618"}],"curies":[{"name":"wp","href":"https:\/\/api.w.org\/{rel}","templated":true}]}}